by 4?
0
Let s be (-165)/10*2/(-3). Let c = 26 + s. Calculate the remainder when c is divided by 10.
7
Let q(j) = j**3 + 4*j**2 - 8*j - 6. Let s(h) = h**2 + 9*h + 6. Let c be s(-6). Let d = c - -7. Calculate the remainder when 17 is divided by q(d).
8
Let s(w) = -w - 5. Calculate the remainder when 79 is divided by s(-15).
9
What is the remainder when 71 is divided by 294/24 + 2/(-8)?
11
Suppose 2*c - 6*r + r - 108 = 0, -4*c - 2*r + 192 = 0. What is the remainder when c is divided by 17?
15
Let v(c) = 4 + 10 - 2*c**3 + c**3. Let x(l) = l**2 + 6*l - 7. Let o be x(-7). Calculate the remainder when 26 is divided by v(o).
12
Let y(w) be the third derivative of w**5/30 - w**4/8 - w**3/3 - 3*w**2. Calculate the remainder when y(5) is divided by 17.
16
Let x(w) = w**2 - 5*w + 6. Let g be x(5). Suppose 0 = -3*l + g*l - 9. Suppose d - 13 = -l*y, -3*d - 7 + 22 = y. Calculate the remainder when y is divided by 2.
1
Let r = -8 + 30. Calculate the remainder when 43 is divided by r.
21
Calculate the remainder when 55 is divided by 354/30 - 1/(-5).
7
Suppose -5*i + 0 = g + 1, 2 = -2*g + 5*i. Let b = 8 - g. Calculate the remainder when b is divided by 3.
0
Let h = 16 + -31. Let i = h - -17. What is the remainder when 9 is divided by i?
1
Suppose 2*a - 3*i = 55, 6*a - a - 169 = -3*i. Suppose 3*p + 2 = a. Let k = p + -2. Calculate the remainder when 23 is divided by k.
7
Suppose 2*y - 4 = -0. Suppose 10 = y*l + 3*w, -3*l + 9 = 3*w - 0*w. Calculate the remainder when l*(-7 + 1)*1 is divided by 4.
2
Let r(l) = -l**3 + 12*l**2 - 18*l + 4. Suppose z + 2*o - 78 = 0, 2*z - 124 = -o + 5*o. What is the remainder when z is divided by r(10)?
22
Let p(i) = 4*i - 44. Calculate the remainder when (2 + 0)/(4/30) is divided by p(12).
3
Let i = -101 + 142. What is the remainder when i is divided by 14?
13
Suppose 4*i + 2*q = 36, 5*i = 4*q + 40 + 5. What is the remainder when 13 is divided by i?
4
Let a(w) be the first derivative of -w**3/3 - 5*w**2 + 3*w - 4. Calculate the remainder when 56 is divided by a(-8).
18
Let r(h) = h**2 - 2*h - 5. Let v be r(4). Suppose -4*q + 8 = -2*q, -3*g + v*q + 321 = 0. Calculate the remainder when g/15 - 4/10 is divided by 3.
1
Let r = 22 - -11. Calculate the remainder when r is divided by 9.
6
Let o = 3 - 0. Suppose o*y + 148 = 5*h - 0*y, 5*y = 20. What is the remainder when h is divided by (-6)/24 - 90/(-8)?
10
Let q(r) be the third derivative of r**4/24 - r**2. Suppose -4*i - 61 = -3*d, 2*i = -4*d + 22 + 30. What is the remainder when d is divided by q(8)?
7
Let f = -75 - -116. Calculate the remainder when f is divided by 22.
19
Suppose 0 = -5*p + 118 + 77. Let n = p + -20. Calculate the remainder when 56 is divided by n.
18
Suppose 3*x - k = 74, -11 = x - 4*k - 54. Suppose 8 = -5*d - 17. Let r = x + d. Calculate the remainder when 35 is divided by r.
17
Suppose 4*j - 6 = 2. Let o(u) = u**3 - 12*u**2 + 11*u + 2. Let h be 13/(-52) + 45/4. Calculate the remainder when j is divided by o(h).
0
Let b(t) = -t**3 - 17*t**2 - 4*t - 22. Let q(v) = 23*v**2 + 1. Calculate the remainder when b(-17) is divided by q(-1).
22
Let y(n) = 3*n**2 - 3*n. What is the remainder when (3/10*5)/(1/14) is divided by y(2)?
3
Suppose b + 2 - 7 = 0, 2*b + 58 = -2*k. What is the remainder when 33 is divided by (-3)/(k/(-12) - 3)?
15
Let b be 2/(-9) - 2/(-9). Suppose 0 = -3*u - b - 9. Calculate the remainder when 40 is divided by -2*(2 + u + -6).
12
Let r be (-5)/15 - 106/6. Let n = r - -22. Calculate the remainder when n is divided by 3.
1
Suppose -3*t = 2*t. Suppose 2*h = 4*l + 14, t = 5*h - 4*l - 2 - 27. Calculate the remainder when 9 is divided by h.
4
Let n(v) = -v**2 - 2*v + 2. Let d be n(2). Suppose k = -k + 72. Let u = k + d. Calculate the remainder when u is divided by 11.
8
Let j be 4 + (9/(-3))/3. Let q = 5 + j. Suppose -49 = -3*x + q. Calculate the remainder when x is divided by 7.
5
Let b = 12 - 8. Let t = 10 + -5. What is the remainder when t is divided by b?
1
Let s(f) = -f**2 + 5*f - 8. Let r be s(6). Let c = -2 - r. What is the remainder when 267/12 + 2/(-8) is divided by c?
10
Suppose q - 78 = -2*q. Suppose k + 2 = 0, f = 3*f - 5*k - q. Calculate the remainder when 0 + 22 - (-1 + 0) is divided by f.
7
Let j(d) = -d**2 + 5*d + 4. Suppose -2*i + 3 + 1 = 3*r, -4*i - 3*r = -14. What is the remainder when j(4) is divided by i?
3
Let g = -17 + 57. What is the remainder when 115 is divided by g?
35
Suppose -4*l + 19 = -21. What is the remainder when 209 is divided by l?
9
Suppose -7*k + 9 = -8*k. Calculate the remainder when (k/(-6))/(3/84) is divided by 11.
9
Suppose 13*a - 16*a + 87 = 0. Calculate the remainder when 114 is divided by a.
27
Let z(p) = 4*p - 2. Let c be z(3). Let m = c - 7. Suppose 0*g = m*g - 69. What is the remainder when g is divided by 8?
7
Suppose -2*u + 19 = 9. Suppose 0 = 4*c + 2*t + 6, 0 = -c + t - 2*t - 1. Let k = c - -4. What is the remainder when u is divided by k?
1
Suppose 2*x = -3*f + 95, 20 = -6*x + 2*x. What is the remainder when f is divided by 19?
16
Let f(w) = -5*w + 4. Suppose -4*h - 2*z = 28, z - 5*z - 38 = 5*h. Let y = h + 0. Calculate the remainder when f(y) is divided by 18.
16
Calculate the remainder when 13 is divided by 13 + -13 - (-1 + -6).
6
Suppose -60 = -4*t - 3*k + 9, 4*k = -4. Calculate the remainder when 33 is divided by t.
15
Let w = -19 - -66. What is the remainder when w is divided by 8?
7
Let z be (-30)/(-5)*1/2. Suppose 4*p + c - 13 = 3*p, z*c + 45 = 4*p. What is the remainder when p is divided by 5?
2
Suppose -3*q + 5*l + 220 = 0, -5*q + 4*q + 85 = -4*l. Let w = q - 39. Let z = 13 + 1. What is the remainder when w is divided by z?
12
Let v be 3*2*4/(-6). Let d be v/14 + 519/(-21). What is the remainder when 0/1 + (1 - d) is divided by 14?
12
Let s(g) = 4*g**2 + 3*g - 5. Let k be (-11 + 1)*12/(-30). What is the remainder when s(k) is divided by 24?
23
Let k = 33 - 16. Suppose 0 = 3*v - k - 1. What is the remainder when ((-4)/v)/(2/(-150)) is divided by 13?
11
Let t = 5 + -5. Suppose t*n = -2*n. Suppose 2*r - 27 - 3 = n. Calculate the remainder when 29 is divided by r.
14
Suppose 2*n - a + 88 = 5*n, -n + 11 = 4*a. Calculate the remainder when 121 is divided by n.
28
Let c(i) = 26*i**2 - 2*i - 1. Suppose 2*m = -2*m + 428. What is the remainder when m is divided by c(-1)?
26
Let k be 29/(-2) - 2/4. Let a = k + 24. Calculate the remainder when 35 is divided by a.
8
Let m = 8 - -16. Suppose v + 5 = 0, 4*g + 4*v + 97 = 3*v. Let y = -10 - g. Calculate the remainder when m is divided by y.
11
Let j be (-77)/(-33) - 1/3. Calculate the remainder when 9 is divided by j - (-1 + (-3 - -1)).
4
Suppose -4*b + 368 = 4*b. Calculate the remainder when b is divided by 15.
1
Let k = -20 + 14. Calculate the remainder when 53 is divided by 340/24 - (-1)/k.
11
Let h(m) = -m + 8. Suppose -v = 4*c - 11, 5*c - 30 = 3*v - v. Calculate the remainder when 10 is divided by h(c).
2
Suppose -2*p = 2*s + 12, -2*p = -2*s + 5*s + 8. Let n = 24 - p. Calculate the remainder when n is divided by 9.
7
Let k be ((-4)/(-6))/(4/198). Suppose 0 = 4*n - k - 23. Calculate the remainder when 41 is divided by n.
13
Suppose 19 = 3*n + 1. Let w = 4 - n. What is the remainder when 20 is divided by ((-1)/w)/(1/14)?
6
Suppose 3*y - z - 16 = 0, -y - 4*z = -6*z - 7. Suppose 0 = 5*c - 45 - 15. Calculate the remainder when c is divided by y.
2
What is the remainder when 33 is divided by (-10)/3*36/(-10)?
9
Let b(n) = 20*n**2 + 2*n - 1. Let w be 1*-3*3/(-9). What is the remainder when b(w) is divided by 11?
10
Let f(c) = c. Let d be f(-5). Let a = 7 - d. Calculate the remainder when a is divided by 5.
2
Suppose -r + 3*r + 20 = 0. Calculate the remainder when 7 is divided by (r/(-4) + -3)*-10.
2
Let a(i) = i**3 - 6*i**2 - 7*i - 3. Let d be a(7). Let x(z) = -z**3 - 4*z**2 - 5*z - 3. Calculate the remainder when 6 is divided by x(d).
0
Let x(r) = 41*r**3 - 2*r + 1. Let c be x(1). Suppose 0 = 4*n - 4 - c. Let i = 51 + -31. What is the remainder when i is divided by n?
9
Let y(u) = -u**3 - 2*u**2 - u - 2. Suppose 2*t + 2*j - 36 = t, 0 = -5*t - 5*j + 160. Calculate the remainder when t is divided by y(-3).
8
Let a(t) = 5*t + 3. Calculate the remainder when a(5) is divided by 17.
11
Let l = 8 - 4. Calculate the remainder when 9 is divided by l.
1
Let a(i) = -10*i**